e remainder when 15361 is divided by 297?
214
What is the remainder when 3270 is divided by 402?
54
What is the remainder when 261827 is divided by 1035?
1007
Calculate the remainder when 5153 is divided by 104.
57
What is the remainder when 30396 is divided by 15195?
6
What is the remainder when 32981 is divided by 747?
113
Calculate the remainder when 4235 is divided by 80.
75
Calculate the remainder when 6033 is divided by 114.
105
What is the remainder when 129 is divided by 109?
20
Calculate the remainder when 11200 is divided by 5574.
52
What is the remainder when 1255018 is divided by 303?
295
Calculate the remainder when 8338 is divided by 2745.
103
What is the remainder when 2025 is divided by 2009?
16
What is the remainder when 42530 is divided by 575?
555
What is the remainder when 112363 is divided by 37?
31
Calculate the remainder when 581515 is divided by 73.
70
What is the remainder when 2629 is divided by 869?
22
Calculate the remainder when 37212 is divided by 598.
136
Calculate the remainder when 110854 is divided by 95.
84
Calculate the remainder when 237 is divided by 27.
21
What is the remainder when 26865 is divided by 1478?
261
Calculate the remainder when 642041 is divided by 18.
17
What is the remainder when 9012 is divided by 2993?
33
What is the remainder when 66666 is divided by 28?
26
Calculate the remainder when 2858 is divided by 262.
238
Calculate the remainder when 3996670 is divided by 707.
706
What is the remainder when 4199 is divided by 13?
0
What is the remainder when 603 is divided by 35?
8
Calculate the remainder when 58122 is divided by 348.
6
Calculate the remainder when 257582 is divided by 50.
32
Calculate the remainder when 11130 is divided by 337.
9
What is the remainder when 13561 is divided by 6771?
19
What is the remainder when 238772 is divided by 93?
41
What is the remainder when 709 is divided by 554?
155
What is the remainder when 106089 is divided by 35359?
12
What is the remainder when 11723 is divided by 15?
8
Calculate the remainder when 4370 is divided by 53.
24
What is the remainder when 2905 is divided by 112?
105
What is the remainder when 5741 is divided by 318?
17
Calculate the remainder when 50756 is divided by 104.
4
What is the remainder when 60060 is divided by 124?
44
What is the remainder when 1353 is divided by 976?
377
What is the remainder when 74933 is divided by 4995?
8
Calculate the remainder when 246285 is divided by 55.
50
Calculate the remainder when 52870 is divided by 3.
1
Calculate the remainder when 5920 is divided by 11.
2
What is the remainder when 26636 is divided by 329?
316
What is the remainder when 8480 is divided by 1471?
1125
What is the remainder when 18637 is divided by 162?
7
What is the remainder when 92457 is divided by 24?
9
Calculate the remainder when 76341 is divided by 1123.
1100
Calculate the remainder when 1967 is divided by 55.
42
What is the remainder when 5384 is divided by 154?
148
What is the remainder when 21815 is divided by 407?
244
Calculate the remainder when 54896 is divided by 499.
6
What is the remainder when 14199 is divided by 418?
405
What is the remainder when 61485 is divided by 142?
141
What is the remainder when 7484 is divided by 502?
456
What is the remainder when 39406 is divided by 3938?
26
What is the remainder when 12706 is divided by 291?
193
What is the remainder when 6238 is divided by 39?
37
What is the remainder when 190145 is divided by 737?
736
Calculate the remainder when 196442 is divided by 54.
44
Calculate the remainder when 22242 is divided by 3707.
0
Calculate the remainder when 7129 is divided by 155.
154
What is the remainder when 973 is divided by 318?
19
What is the remainder when 429 is divided by 34?
21
What is the remainder when 37630 is divided by 2126?
1488
What is the remainder when 4496 is divided by 17?
8
Calculate the remainder when 5341 is divided by 221.
37
What is the remainder when 7066 is divided by 220?
26
Calculate the remainder when 21138471 is divided by 46.
45
Calculate the remainder when 2084 is divided by 343.
26
What is the remainder when 707 is divided by 256?
195
What is the remainder when 1132 is divided by 90?
52
What is the remainder when 1454 is divided by 677?
100
Calculate the remainder when 322125 is divided by 54.
15
What is the remainder when 642065 is divided by 7?
4
What is the remainder when 10838 is divided by 898?
62
Calculate the remainder when 1047 is divided by 60.
27
What is the remainder when 66476 is divided by 167?
10
Calculate the remainder when 7523 is divided by 459.
179
What is the remainder when 411179 is divided by 49?
20
Calculate the remainder when 3951 is divided by 52.
51
What is the remainder when 768283 is divided by 405?
403
Calculate the remainder when 20675 is divided by 12.
11
Calculate the remainder when 3860 is divided by 3844.
16
What is the remainder when 1304318 is divided by 16?
14
Calculate the remainder when 10428 is divided by 1484.
40
Calculate the remainder when 2220 is divided by 205.
170
Calculate the remainder when 34463 is divided by 275.
88
What is the remainder when 70027 is divided by 220?
67
What is the remainder when 491895 is divided by 38?
23
What is the remainder when 66716 is divided by 189?
188
Calculate the remainder when 4412 is divided by 1467.
11
Calculate the remainder when 38951 is divided by 105.
101
Calculate the remainder when 827 is divided by 149.
82
What is the remainder when 417 is divided by 194?
29
What is the remainder when 87198 is divided by 156?
150
What is the remainder when 911 is divided by 265?
116
Calculate the remainder when 2795 is divided by 311.
307
What is the remainder when 19616 is divided by 1312?
1248
Calculate the remainder when 83902 is divided by 68.
58
Calculate the remainder when 150112 is divided by 16678.
10
Calculate the remainder when 9314 is divided by 4.
2
What is the remainder when 58875 is divided by 13?
11
Calculate the remainder when 109167 is divided by 950.
867
Calculate the remainder when 5272 is divided by 2455.
362
What is the remainder when 56172 is divided by 804?
696
Calculate the remainder when 4071736 is divided by 573.
571
What is the remainder when 201948 is divided by 1669?
1668
What is the remainder when 593 is divided by 79?
40
What is the remainder when 43503 is divided by 190?
183
Calculate the remainder when 7626 is divided by 546.
528
Calculate the remainder when 28150 is divided by 55.
45
Calculate the remainder when 7205 is divided by 2681.
1843
What is the remainder when 70868 is divided by 875?
868
What is the remainder when 6375 is divided by 315?
75
What is the remainder when 7803 is divided by 76?
51
What is the remainder when 772990 is divided by 97?
94
Calculate the remainder when 9191 is divided by 3022.
125
What is the remainder when 53871 is divided by 67?
3
Calculate the remainder when 194397 is divided by 60.
57
Calculate the remainder when 90316 is divided by 73.
15
What is the remainder when 765 is divided by 105?
30
Calculate the remainder when 2128 is divided by 106.
8
Calculate the remainder when 306359 is divided by 42.
11
Calculate the remainder when 102271 is divided by 40.
31
Calculate the remainder when 20612 is divided by 741.
605
Calculate the remainder when 73 is divided by 11.
7
What is the remainder when 3385 is divided by 63?
46
Calculate the remainder when 4664837 is divided by 556.
553
Calculate the remainder when 1623 is divided by 28.
27
Calculate the remainder when 1855 is divided by 101.
37
Calculate the remainder when 6037 is divided by 695.
477
What is the remainder when 47318 is divided by 15587?
557
Calculate the remainder when 1818334 is divided by 1222.
1220
Calculate the remainder when 68738 is divided by 28.
26
What is the remainder when 546 is divided by 507?
39
What is the remainder when 8620 is divided by 240?
220
Calculate the remainder when 9494234 is divided by 78.
74
What is the remainder when 64087 is divided by 6?
1
Calculate the remainder when 120858 is divided by 1374.
1320
Calculate the remainder when 4628 is divided by 1157.
0
What is the remainder when 38986 is divided by 12?
10
What is the remainder when 143441 is divided by 27?
17
Calculate the remainder when 181102 is divided by 7.
5
W